{"id":2504,"date":"2025-12-16T20:39:31","date_gmt":"2025-12-16T20:39:31","guid":{"rendered":"https:\/\/ieslasalle.edu.pe\/?page_id=2504"},"modified":"2025-12-22T19:44:41","modified_gmt":"2025-12-22T19:44:41","slug":"documentos-de-gestion","status":"publish","type":"page","link":"https:\/\/ieslasalle.edu.pe\/?page_id=2504","title":{"rendered":"Documentos de Gesti\u00f3n"},"content":{"rendered":"\n<div class=\"wp-block-group alignfull has-background is-layout-constrained wp-container-core-group-is-layout-d0e65f32 wp-block-group-is-layout-constrained\" style=\"background-color:#002147;margin-top:0;margin-bottom:40px;padding-top:60px;padding-right:20px;padding-bottom:60px;padding-left:20px\">\n<h1 class=\"wp-block-heading has-text-align-center has-white-color has-text-color\" style=\"font-size:52px;font-weight:800;letter-spacing:1px;text-transform:uppercase\">Documentos de Gesti\u00f3n<\/h1>\n\n\n\n<hr class=\"wp-block-separator has-text-color has-ce-1126-color has-alpha-channel-opacity has-ce-1126-background-color has-background has-ce1126-color has-ce1126-background-color is-style-wide\" style=\"margin-top:20px\"\/>\n\n\n\n<p class=\"has-text-align-center has-white-color has-text-color wp-block-paragraph\" style=\"font-size:20px\">Transparencia y planificaci\u00f3n estrat\u00e9gica para una formaci\u00f3n t\u00e9cnica de calidad.<\/p>\n\n\n\n<figure class=\"wp-block-image size-full\"><img fetchpriority=\"high\" decoding=\"async\" width=\"1024\" height=\"687\" src=\"https:\/\/ieslasalle.edu.pe\/wp-content\/uploads\/2025\/12\/3.-portada-8.jpg\" alt=\"\" class=\"wp-image-2875\" srcset=\"https:\/\/ieslasalle.edu.pe\/wp-content\/uploads\/2025\/12\/3.-portada-8.jpg 1024w, https:\/\/ieslasalle.edu.pe\/wp-content\/uploads\/2025\/12\/3.-portada-8-300x201.jpg 300w, https:\/\/ieslasalle.edu.pe\/wp-content\/uploads\/2025\/12\/3.-portada-8-768x515.jpg 768w, https:\/\/ieslasalle.edu.pe\/wp-content\/uploads\/2025\/12\/3.-portada-8-770x517.jpg 770w\" sizes=\"(max-width: 1024px) 100vw, 1024px\" \/><\/figure>\n\n\n\n<figure class=\"wp-block-image size-full\"><img decoding=\"async\" width=\"1024\" height=\"565\" src=\"https:\/\/ieslasalle.edu.pe\/wp-content\/uploads\/2025\/12\/4-otra-imagen-1-7.jpg\" alt=\"\" class=\"wp-image-2874\" srcset=\"https:\/\/ieslasalle.edu.pe\/wp-content\/uploads\/2025\/12\/4-otra-imagen-1-7.jpg 1024w, https:\/\/ieslasalle.edu.pe\/wp-content\/uploads\/2025\/12\/4-otra-imagen-1-7-300x166.jpg 300w, https:\/\/ieslasalle.edu.pe\/wp-content\/uploads\/2025\/12\/4-otra-imagen-1-7-768x424.jpg 768w, https:\/\/ieslasalle.edu.pe\/wp-content\/uploads\/2025\/12\/4-otra-imagen-1-7-770x425.jpg 770w\" sizes=\"(max-width: 1024px) 100vw, 1024px\" \/><\/figure>\n<\/div>\n\n\n\n<div class=\"wp-block-group is-layout-constrained wp-container-core-group-is-layout-e4eab9c3 wp-block-group-is-layout-constrained\" style=\"padding-top:20px;padding-right:20px;padding-bottom:40px;padding-left:20px\">\n<p class=\"has-text-align-center wp-block-paragraph\" style=\"font-size:18px;line-height:1.6\">Ponemos a disposici\u00f3n de la comunidad educativa y el p\u00fablico en general los instrumentos que orientan, planifican y regulan el funcionamiento institucional del <strong>IES La Salle Urubamba<\/strong>, en cumplimiento con la Ley N\u00b0 30512.<\/p>\n\n\n\n<div class=\"wp-block-columns is-layout-flex wp-container-core-columns-is-layout-7e2f040f wp-block-columns-is-layout-flex\">\n<div class=\"wp-block-column is-layout-flow wp-block-column-is-layout-flow\">\n<div class=\"wp-block-group shadow-lg has-background is-layout-flow wp-block-group-is-layout-flow\" style=\"border-radius:16px;background-color:#ffffff;padding-top:40px;padding-right:30px;padding-bottom:40px;padding-left:30px\">\n<h2 class=\"wp-block-heading has-text-align-center\" style=\"font-size:40px\">\ud83d\udcd8<\/h2>\n\n\n\n<h3 class=\"wp-block-heading has-text-align-center has-text-color\" style=\"color:#002147;font-weight:800\">PEI<\/h3>\n\n\n\n<p class=\"has-text-align-center has-text-color wp-block-paragraph\" style=\"color:#666666;font-size:13px;font-weight:700;text-transform:uppercase\">Proyecto Educativo Institucional<\/p>\n\n\n\n<p class=\"has-text-align-center wp-block-paragraph\" style=\"font-size:14px\">Instrumento de planificaci\u00f3n estrat\u00e9gica a mediano plazo que define nuestra identidad y objetivos pedag\u00f3gicos.<\/p>\n\n\n\n<div class=\"wp-block-buttons is-content-justification-center is-layout-flex wp-container-core-buttons-is-layout-fe48e5de wp-block-buttons-is-layout-flex\">\n<div class=\"wp-block-button has-custom-width wp-block-button__width-100\"><a class=\"wp-block-button__link has-text-color has-background has-custom-font-size wp-element-button\" style=\"border-radius:8px;color:#ffffff;background-color:#ce1126;font-size:14px;font-style:normal;font-weight:700\">\u2b07 DESCARGAR PDF<\/a><\/div>\n<\/div>\n<\/div>\n<\/div>\n\n\n\n<div class=\"wp-block-column is-layout-flow wp-block-column-is-layout-flow\">\n<div class=\"wp-block-group shadow-lg has-background is-layout-flow wp-block-group-is-layout-flow\" style=\"border-radius:16px;background-color:#ffffff;padding-top:40px;padding-right:30px;padding-bottom:40px;padding-left:30px\">\n<h2 class=\"wp-block-heading has-text-align-center\" style=\"font-size:40px\">\ud83d\udcc5<\/h2>\n\n\n\n<h3 class=\"wp-block-heading has-text-align-center has-text-color\" style=\"color:#002147;font-weight:800\">PAT<\/h3>\n\n\n\n<p class=\"has-text-align-center has-text-color wp-block-paragraph\" style=\"color:#666666;font-size:13px;font-weight:700;text-transform:uppercase\">Plan Anual de Trabajo<\/p>\n\n\n\n<p class=\"has-text-align-center wp-block-paragraph\" style=\"font-size:14px\">Documento operativo que concreta los objetivos del PEI en actividades espec\u00edficas para el a\u00f1o acad\u00e9mico en curso.<\/p>\n\n\n\n<div class=\"wp-block-buttons is-content-justification-center is-layout-flex wp-container-core-buttons-is-layout-fe48e5de wp-block-buttons-is-layout-flex\">\n<div class=\"wp-block-button has-custom-width wp-block-button__width-100\"><a class=\"wp-block-button__link has-text-color has-background has-custom-font-size wp-element-button\" style=\"border-radius:8px;color:#ffffff;background-color:#ce1126;font-size:14px;font-style:normal;font-weight:700\">\u2b07 DESCARGAR PDF<\/a><\/div>\n<\/div>\n<\/div>\n<\/div>\n<\/div>\n\n\n\n<div style=\"height:40px\" aria-hidden=\"true\" class=\"wp-block-spacer\"><\/div>\n\n\n\n<div style=\"height:30px\" aria-hidden=\"true\" class=\"wp-block-spacer\"><\/div>\n\n\n\n<div class=\"wp-block-columns is-layout-flex wp-container-core-columns-is-layout-7e2f040f wp-block-columns-is-layout-flex\">\n<div class=\"wp-block-column is-layout-flow wp-block-column-is-layout-flow\">\n<div class=\"wp-block-group shadow-lg has-background is-layout-flow wp-block-group-is-layout-flow\" style=\"border-radius:16px;background-color:#ffffff;padding-top:40px;padding-right:30px;padding-bottom:40px;padding-left:30px\">\n<h2 class=\"wp-block-heading has-text-align-center\" style=\"font-size:40px\">\u2696\ufe0f<\/h2>\n\n\n\n<h3 class=\"wp-block-heading has-text-align-center has-text-color\" style=\"color:#002147;font-weight:800\">RI<\/h3>\n\n\n\n<p class=\"has-text-align-center has-text-color wp-block-paragraph\" style=\"color:#666666;font-size:13px;font-weight:700;text-transform:uppercase\">Reglamento Interno<\/p>\n\n\n\n<p class=\"has-text-align-center wp-block-paragraph\" style=\"font-size:14px\">Norma que regula la organizaci\u00f3n, derechos y deberes de todos los miembros de nuestra comunidad educativa.<\/p>\n\n\n\n<div class=\"wp-block-buttons is-content-justification-center is-layout-flex wp-container-core-buttons-is-layout-fe48e5de wp-block-buttons-is-layout-flex\">\n<div class=\"wp-block-button has-custom-width wp-block-button__width-100\"><a class=\"wp-block-button__link has-text-color has-background has-custom-font-size wp-element-button\" style=\"border-radius:8px;color:#ffffff;background-color:#ce1126;font-size:14px;font-style:normal;font-weight:700\">\u2b07 DESCARGAR PDF<\/a><\/div>\n<\/div>\n<\/div>\n<\/div>\n\n\n\n<div class=\"wp-block-column is-layout-flow wp-block-column-is-layout-flow\">\n<div class=\"wp-block-group shadow-lg has-background is-layout-flow wp-block-group-is-layout-flow\" style=\"border-radius:16px;background-color:#ffffff;padding-top:40px;padding-right:30px;padding-bottom:40px;padding-left:30px\">\n<h2 class=\"wp-block-heading has-text-align-center\" style=\"font-size:40px\">\ud83c\udf3f<\/h2>\n\n\n\n<h3 class=\"wp-block-heading has-text-align-center has-text-color\" style=\"color:#002147;font-weight:800\">IGA<\/h3>\n\n\n\n<p class=\"has-text-align-center has-text-color wp-block-paragraph\" style=\"color:#666666;font-size:13px;font-weight:700;text-transform:uppercase\">Instrumento de Gesti\u00f3n Ambiental<\/p>\n\n\n\n<p class=\"has-text-align-center wp-block-paragraph\" style=\"font-size:14px\">Documento que planifica las acciones para mitigar el impacto ambiental y promover la sostenibilidad en el campus.<\/p>\n\n\n\n<div class=\"wp-block-buttons is-content-justification-center is-layout-flex wp-container-core-buttons-is-layout-fe48e5de wp-block-buttons-is-layout-flex\">\n<div class=\"wp-block-button has-custom-width wp-block-button__width-100\"><a class=\"wp-block-button__link has-text-color has-background has-custom-font-size wp-element-button\" style=\"border-radius:8px;color:#ffffff;background-color:#ce1126;font-size:14px;font-style:normal;font-weight:700\">\u2b07 DESCARGAR PDF<\/a><\/div>\n<\/div>\n<\/div>\n<\/div>\n<\/div>\n<\/div>\n\n\n\n<div class=\"wp-block-group alignfull has-background is-layout-constrained wp-container-core-group-is-layout-6e07d09c wp-block-group-is-layout-constrained\" style=\"background-color:#f4f6f8;padding-top:60px;padding-right:20px;padding-bottom:60px;padding-left:20px\">\n<h4 class=\"wp-block-heading has-text-align-center has-text-color\" style=\"color:#002147;font-weight:700\">\u00bfBuscas otros documentos institucionales?<\/h4>\n\n\n\n<div class=\"wp-block-buttons is-content-justification-center is-layout-flex wp-container-core-buttons-is-layout-fe48e5de wp-block-buttons-is-layout-flex\">\n<div class=\"wp-block-button\"><a class=\"wp-block-button__link has-text-color has-background wp-element-button\" style=\"border-radius:10px;color:#ffffff;background-color:#002147;font-weight:700\">IR AL PORTAL DE TRANSPARENCIA<\/a><\/div>\n<\/div>\n<\/div>\n\n\n\n<p class=\"wp-block-paragraph\"><\/p>\n","protected":false},"excerpt":{"rendered":"<p>Documentos de Gesti\u00f3n Transparencia y planificaci\u00f3n estrat\u00e9gica para una formaci\u00f3n t\u00e9cnica de calidad. Ponemos a disposici\u00f3n de la comunidad educativa y el p\u00fablico en general los instrumentos que orientan, planifican y regulan el funcionamiento institucional del IES La Salle Urubamba, en cumplimiento con la Ley N\u00b0 30512. \ud83d\udcd8 PEI Proyecto Educativo Institucional Instrumento de planificaci\u00f3n estrat\u00e9gica a mediano plazo que define nuestra identidad y objetivos pedag\u00f3gicos. \ud83d\udcc5 PAT Plan Anual[&hellip;]<\/p>\n","protected":false},"author":1,"featured_media":2876,"parent":0,"menu_order":0,"comment_status":"closed","ping_status":"closed","template":"","meta":{"footnotes":""},"class_list":["post-2504","page","type-page","status-publish","has-post-thumbnail","hentry"],"_links":{"self":[{"href":"https:\/\/ieslasalle.edu.pe\/index.php?rest_route=\/wp\/v2\/pages\/2504","targetHints":{"allow":["GET"]}}],"collection":[{"href":"https:\/\/ieslasalle.edu.pe\/index.php?rest_route=\/wp\/v2\/pages"}],"about":[{"href":"https:\/\/ieslasalle.edu.pe\/index.php?rest_route=\/wp\/v2\/types\/page"}],"author":[{"embeddable":true,"href":"https:\/\/ieslasalle.edu.pe\/index.php?rest_route=\/wp\/v2\/users\/1"}],"replies":[{"embeddable":true,"href":"https:\/\/ieslasalle.edu.pe\/index.php?rest_route=%2Fwp%2Fv2%2Fcomments&post=2504"}],"version-history":[{"count":2,"href":"https:\/\/ieslasalle.edu.pe\/index.php?rest_route=\/wp\/v2\/pages\/2504\/revisions"}],"predecessor-version":[{"id":2880,"href":"https:\/\/ieslasalle.edu.pe\/index.php?rest_route=\/wp\/v2\/pages\/2504\/revisions\/2880"}],"wp:featuredmedia":[{"embeddable":true,"href":"https:\/\/ieslasalle.edu.pe\/index.php?rest_route=\/wp\/v2\/media\/2876"}],"wp:attachment":[{"href":"https:\/\/ieslasalle.edu.pe\/index.php?rest_route=%2Fwp%2Fv2%2Fmedia&parent=2504"}],"curies":[{"name":"wp","href":"https:\/\/api.w.org\/{rel}","templated":true}]}}

Documentos de Gestión

<div class="wp-block-group alignfull has-background is-layout-constrained wp-container-core-group-is-layout-d0e65f32 wp-block-group-is-layout-constrained" style="background-color:#002147;margin-top:0;margin-bottom:40px;padding-top:60px;padding-right:20px;padding-bottom:60px;padding-left:20px">
<h1 class="wp-block-heading has-text-align-center has-white-color has-text-color" style="font-size:52px;font-weight:800;letter-spacing:1px;text-transform:uppercase">Documentos de Gestión</h1>



<hr class="wp-block-separator has-text-color has-ce-1126-color has-alpha-channel-opacity has-ce-1126-background-color has-background has-ce1126-color has-ce1126-background-color is-style-wide" style="margin-top:20px"/>



<p class="has-text-align-center has-white-color has-text-color wp-block-paragraph" style="font-size:20px">Transparencia y planificación estratégica para una formación técnica de calidad.</p>



<figure class="wp-block-image size-full"><img fetchpriority="high" decoding="async" width="1024" height="687" src="https://ieslasalle.edu.pe/wp-content/uploads/2025/12/3.-portada-8.jpg" alt="" class="wp-image-2875" srcset="https://ieslasalle.edu.pe/wp-content/uploads/2025/12/3.-portada-8.jpg 1024w, https://ieslasalle.edu.pe/wp-content/uploads/2025/12/3.-portada-8-300x201.jpg 300w, https://ieslasalle.edu.pe/wp-content/uploads/2025/12/3.-portada-8-768x515.jpg 768w, https://ieslasalle.edu.pe/wp-content/uploads/2025/12/3.-portada-8-770x517.jpg 770w" sizes="(max-width: 1024px) 100vw, 1024px" /></figure>



<figure class="wp-block-image size-full"><img decoding="async" width="1024" height="565" src="https://ieslasalle.edu.pe/wp-content/uploads/2025/12/4-otra-imagen-1-7.jpg" alt="" class="wp-image-2874" srcset="https://ieslasalle.edu.pe/wp-content/uploads/2025/12/4-otra-imagen-1-7.jpg 1024w, https://ieslasalle.edu.pe/wp-content/uploads/2025/12/4-otra-imagen-1-7-300x166.jpg 300w, https://ieslasalle.edu.pe/wp-content/uploads/2025/12/4-otra-imagen-1-7-768x424.jpg 768w, https://ieslasalle.edu.pe/wp-content/uploads/2025/12/4-otra-imagen-1-7-770x425.jpg 770w" sizes="(max-width: 1024px) 100vw, 1024px" /></figure>
</div>



<div class="wp-block-group is-layout-constrained wp-container-core-group-is-layout-e4eab9c3 wp-block-group-is-layout-constrained" style="padding-top:20px;padding-right:20px;padding-bottom:40px;padding-left:20px">
<p class="has-text-align-center wp-block-paragraph" style="font-size:18px;line-height:1.6">Ponemos a disposición de la comunidad educativa y el público en general los instrumentos que orientan, planifican y regulan el funcionamiento institucional del <strong>IES La Salle Urubamba</strong>, en cumplimiento con la Ley N° 30512.</p>



<div class="wp-block-columns is-layout-flex wp-container-core-columns-is-layout-7e2f040f wp-block-columns-is-layout-flex">
<div class="wp-block-column is-layout-flow wp-block-column-is-layout-flow">
<div class="wp-block-group shadow-lg has-background is-layout-flow wp-block-group-is-layout-flow" style="border-radius:16px;background-color:#ffffff;padding-top:40px;padding-right:30px;padding-bottom:40px;padding-left:30px">
<h2 class="wp-block-heading has-text-align-center" style="font-size:40px">📘</h2>



<h3 class="wp-block-heading has-text-align-center has-text-color" style="color:#002147;font-weight:800">PEI</h3>



<p class="has-text-align-center has-text-color wp-block-paragraph" style="color:#666666;font-size:13px;font-weight:700;text-transform:uppercase">Proyecto Educativo Institucional</p>



<p class="has-text-align-center wp-block-paragraph" style="font-size:14px">Instrumento de planificación estratégica a mediano plazo que define nuestra identidad y objetivos pedagógicos.</p>



<div class="wp-block-buttons is-content-justification-center is-layout-flex wp-container-core-buttons-is-layout-fe48e5de wp-block-buttons-is-layout-flex">
<div class="wp-block-button has-custom-width wp-block-button__width-100"><a class="wp-block-button__link has-text-color has-background has-custom-font-size wp-element-button" style="border-radius:8px;color:#ffffff;background-color:#ce1126;font-size:14px;font-style:normal;font-weight:700">⬇ DESCARGAR PDF</a></div>
</div>
</div>
</div>



<div class="wp-block-column is-layout-flow wp-block-column-is-layout-flow">
<div class="wp-block-group shadow-lg has-background is-layout-flow wp-block-group-is-layout-flow" style="border-radius:16px;background-color:#ffffff;padding-top:40px;padding-right:30px;padding-bottom:40px;padding-left:30px">
<h2 class="wp-block-heading has-text-align-center" style="font-size:40px">📅</h2>



<h3 class="wp-block-heading has-text-align-center has-text-color" style="color:#002147;font-weight:800">PAT</h3>



<p class="has-text-align-center has-text-color wp-block-paragraph" style="color:#666666;font-size:13px;font-weight:700;text-transform:uppercase">Plan Anual de Trabajo</p>



<p class="has-text-align-center wp-block-paragraph" style="font-size:14px">Documento operativo que concreta los objetivos del PEI en actividades específicas para el año académico en curso.</p>



<div class="wp-block-buttons is-content-justification-center is-layout-flex wp-container-core-buttons-is-layout-fe48e5de wp-block-buttons-is-layout-flex">
<div class="wp-block-button has-custom-width wp-block-button__width-100"><a class="wp-block-button__link has-text-color has-background has-custom-font-size wp-element-button" style="border-radius:8px;color:#ffffff;background-color:#ce1126;font-size:14px;font-style:normal;font-weight:700">⬇ DESCARGAR PDF</a></div>
</div>
</div>
</div>
</div>



<div style="height:40px" aria-hidden="true" class="wp-block-spacer"></div>



<div style="height:30px" aria-hidden="true" class="wp-block-spacer"></div>



<div class="wp-block-columns is-layout-flex wp-container-core-columns-is-layout-7e2f040f wp-block-columns-is-layout-flex">
<div class="wp-block-column is-layout-flow wp-block-column-is-layout-flow">
<div class="wp-block-group shadow-lg has-background is-layout-flow wp-block-group-is-layout-flow" style="border-radius:16px;background-color:#ffffff;padding-top:40px;padding-right:30px;padding-bottom:40px;padding-left:30px">
<h2 class="wp-block-heading has-text-align-center" style="font-size:40px">⚖️</h2>



<h3 class="wp-block-heading has-text-align-center has-text-color" style="color:#002147;font-weight:800">RI</h3>



<p class="has-text-align-center has-text-color wp-block-paragraph" style="color:#666666;font-size:13px;font-weight:700;text-transform:uppercase">Reglamento Interno</p>



<p class="has-text-align-center wp-block-paragraph" style="font-size:14px">Norma que regula la organización, derechos y deberes de todos los miembros de nuestra comunidad educativa.</p>



<div class="wp-block-buttons is-content-justification-center is-layout-flex wp-container-core-buttons-is-layout-fe48e5de wp-block-buttons-is-layout-flex">
<div class="wp-block-button has-custom-width wp-block-button__width-100"><a class="wp-block-button__link has-text-color has-background has-custom-font-size wp-element-button" style="border-radius:8px;color:#ffffff;background-color:#ce1126;font-size:14px;font-style:normal;font-weight:700">⬇ DESCARGAR PDF</a></div>
</div>
</div>
</div>



<div class="wp-block-column is-layout-flow wp-block-column-is-layout-flow">
<div class="wp-block-group shadow-lg has-background is-layout-flow wp-block-group-is-layout-flow" style="border-radius:16px;background-color:#ffffff;padding-top:40px;padding-right:30px;padding-bottom:40px;padding-left:30px">
<h2 class="wp-block-heading has-text-align-center" style="font-size:40px">🌿</h2>



<h3 class="wp-block-heading has-text-align-center has-text-color" style="color:#002147;font-weight:800">IGA</h3>



<p class="has-text-align-center has-text-color wp-block-paragraph" style="color:#666666;font-size:13px;font-weight:700;text-transform:uppercase">Instrumento de Gestión Ambiental</p>



<p class="has-text-align-center wp-block-paragraph" style="font-size:14px">Documento que planifica las acciones para mitigar el impacto ambiental y promover la sostenibilidad en el campus.</p>



<div class="wp-block-buttons is-content-justification-center is-layout-flex wp-container-core-buttons-is-layout-fe48e5de wp-block-buttons-is-layout-flex">
<div class="wp-block-button has-custom-width wp-block-button__width-100"><a class="wp-block-button__link has-text-color has-background has-custom-font-size wp-element-button" style="border-radius:8px;color:#ffffff;background-color:#ce1126;font-size:14px;font-style:normal;font-weight:700">⬇ DESCARGAR PDF</a></div>
</div>
</div>
</div>
</div>
</div>



<div class="wp-block-group alignfull has-background is-layout-constrained wp-container-core-group-is-layout-6e07d09c wp-block-group-is-layout-constrained" style="background-color:#f4f6f8;padding-top:60px;padding-right:20px;padding-bottom:60px;padding-left:20px">
<h4 class="wp-block-heading has-text-align-center has-text-color" style="color:#002147;font-weight:700">¿Buscas otros documentos institucionales?</h4>



<div class="wp-block-buttons is-content-justification-center is-layout-flex wp-container-core-buttons-is-layout-fe48e5de wp-block-buttons-is-layout-flex">
<div class="wp-block-button"><a class="wp-block-button__link has-text-color has-background wp-element-button" style="border-radius:10px;color:#ffffff;background-color:#002147;font-weight:700">IR AL PORTAL DE TRANSPARENCIA</a></div>
</div>
</div>



<p class="wp-block-paragraph"></p>

<p>Documentos de Gestión Transparencia y planificación estratégica para una formación técnica de calidad. Ponemos a disposición de la comunidad educativa y el público en general los instrumentos que orientan, planifican y regulan el funcionamiento institucional del IES La Salle Urubamba, en cumplimiento con la Ley N° 30512. 📘 PEI Proyecto Educativo Institucional Instrumento de planificación estratégica a mediano plazo que define nuestra identidad y objetivos pedagógicos. 📅 PAT Plan Anual[&hellip;]</p>
