{"id":2287,"date":"2025-12-15T00:48:36","date_gmt":"2025-12-15T00:48:36","guid":{"rendered":"https:\/\/ieslasalle.edu.pe\/?page_id=2287"},"modified":"2025-12-15T00:50:00","modified_gmt":"2025-12-15T00:50:00","slug":"bolsa-de-trabajo","status":"publish","type":"page","link":"https:\/\/ieslasalle.edu.pe\/?page_id=2287","title":{"rendered":"Bolsa de Trabajo"},"content":{"rendered":"\n<div class=\"wp-block-group is-layout-constrained wp-container-core-group-is-layout-20bea09b wp-block-group-is-layout-constrained\" style=\"padding-top:0;padding-right:0;padding-bottom:0;padding-left:0\">\n<div class=\"wp-block-group has-background is-layout-constrained wp-container-core-group-is-layout-a828dc13 wp-block-group-is-layout-constrained\" style=\"background-color:#1e1e1e;padding-top:80px;padding-right:20px;padding-bottom:80px;padding-left:20px\">\n<div class=\"wp-block-columns are-vertically-aligned-center is-layout-flex wp-container-core-columns-is-layout-8f761849 wp-block-columns-is-layout-flex\">\n<div class=\"wp-block-column is-vertically-aligned-center is-layout-flow wp-block-column-is-layout-flow\" style=\"flex-basis:70%\">\n<h2 class=\"wp-block-heading has-text-color\" style=\"color:#ffffff;font-size:42px;line-height:1.2;text-transform:uppercase\">Conectamos Talento T\u00e9cnico con el Mercado Laboral<\/h2>\n\n\n\n<p class=\"has-text-color wp-block-paragraph\" style=\"color:#cccccc;font-size:20px\">La plataforma de empleabilidad del IESTP Sangarar\u00e1 para egresados y empresas l\u00edderes de Cusco.<\/p>\n<\/div>\n\n\n\n<div class=\"wp-block-column is-vertically-aligned-center is-layout-flow wp-block-column-is-layout-flow\" style=\"flex-basis:30%\">\n<div class=\"wp-block-buttons is-content-justification-right is-layout-flex wp-container-core-buttons-is-layout-89b4c9e9 wp-block-buttons-is-layout-flex\">\n<div class=\"wp-block-button\"><a class=\"wp-block-button__link has-text-color has-background has-custom-font-size wp-element-button\" style=\"border-radius:5px;color:#ffffff;background-color:#b22222;font-size:18px\">Publicar Oferta (Empresas)<\/a><\/div>\n<\/div>\n<\/div>\n<\/div>\n<\/div>\n\n\n\n<div class=\"wp-block-group alignfull is-layout-flow wp-block-group-is-layout-flow\" style=\"padding-top:0;padding-right:0;padding-bottom:0;padding-left:0\">\n<div class=\"wp-block-columns is-layout-flex wp-container-core-columns-is-layout-b85f70fb wp-block-columns-is-layout-flex\">\n<div class=\"wp-block-column has-background is-layout-flow wp-block-column-is-layout-flow\" style=\"background-color:#ffffff;padding-top:60px;padding-right:40px;padding-bottom:60px;padding-left:40px;flex-basis:50%\">\n<h3 class=\"wp-block-heading has-text-color\" style=\"color:#003366;font-size:28px\">\ud83d\udc68\u200d\ud83c\udf93 Soy Alumno \/ Egresado<\/h3>\n\n\n\n<p class=\"wp-block-paragraph\">Accede a oportunidades laborales exclusivas, pr\u00e1cticas pre-profesionales y talleres de empleabilidad.<\/p>\n\n\n\n<ul style=\"color:#555555\" class=\"wp-block-list has-text-color\">\n<li>Ofertas de empleo actualizadas.<\/li>\n\n\n\n<li>Asesor\u00eda para armar tu CV de alto impacto.<\/li>\n\n\n\n<li>Simulacros de entrevistas de trabajo.<\/li>\n<\/ul>\n\n\n\n<div style=\"height:20px\" aria-hidden=\"true\" class=\"wp-block-spacer\"><\/div>\n\n\n\n<div class=\"wp-block-buttons is-layout-flex wp-block-buttons-is-layout-flex\">\n<div class=\"wp-block-button\"><a class=\"wp-block-button__link has-text-color has-background wp-element-button\" style=\"color:#ffffff;background-color:#003366\">Ver Convocatorias Vigentes<\/a><\/div>\n<\/div>\n<\/div>\n\n\n\n<div class=\"wp-block-column has-background is-layout-flow wp-block-column-is-layout-flow\" style=\"background-color:#f4f4f4;padding-top:60px;padding-right:40px;padding-bottom:60px;padding-left:40px;flex-basis:50%\">\n<h3 class=\"wp-block-heading has-text-color\" style=\"color:#8b0000;font-size:28px\">\ud83c\udfe2 Soy Empresa<\/h3>\n\n\n\n<p class=\"wp-block-paragraph\">Encuentra el perfil t\u00e9cnico ideal para tu organizaci\u00f3n. Nuestros egresados cuentan con formaci\u00f3n pr\u00e1ctica y valores s\u00f3lidos.<\/p>\n\n\n\n<ul style=\"color:#555555\" class=\"wp-block-list has-text-color\">\n<li>Publicaci\u00f3n gratuita de ofertas laborales.<\/li>\n\n\n\n<li>Convenios para pr\u00e1cticas profesionales.<\/li>\n\n\n\n<li>Acceso a base de datos de egresados titulados.<\/li>\n<\/ul>\n\n\n\n<div style=\"height:20px\" aria-hidden=\"true\" class=\"wp-block-spacer\"><\/div>\n\n\n\n<div class=\"wp-block-buttons is-layout-flex wp-block-buttons-is-layout-flex\">\n<div class=\"wp-block-button is-style-outline is-style-outline--1\"><a class=\"wp-block-button__link has-text-color has-background has-border-color wp-element-button\" style=\"border-color:#8b0000;color:#8b0000;background-color:transparent\">Registrar mi Empresa<\/a><\/div>\n<\/div>\n<\/div>\n<\/div>\n<\/div>\n\n\n\n<div class=\"wp-block-group is-layout-constrained wp-container-core-group-is-layout-6e07d09c wp-block-group-is-layout-constrained\" style=\"padding-top:60px;padding-right:20px;padding-bottom:60px;padding-left:20px\">\n<h2 class=\"wp-block-heading has-text-align-center has-text-color\" style=\"color:#003366\">Tu Ruta hacia el \u00c9xito Laboral<\/h2>\n\n\n\n<div style=\"height:40px\" aria-hidden=\"true\" class=\"wp-block-spacer\"><\/div>\n\n\n\n<div class=\"wp-block-columns is-layout-flex wp-container-core-columns-is-layout-049be026 wp-block-columns-is-layout-flex\">\n<div class=\"wp-block-column has-border-color is-layout-flow wp-block-column-is-layout-flow\" style=\"border-color:#e0e0e0;border-style:solid;border-width:1px;padding-top:20px;padding-right:20px;padding-bottom:20px;padding-left:20px\">\n<h1 class=\"wp-block-heading has-text-color\" style=\"color:#e0e0e0;font-size:60px;line-height:1\">01<\/h1>\n\n\n\n<h4 class=\"wp-block-heading has-text-color\" style=\"color:#8b0000\">Capacitaci\u00f3n<\/h4>\n\n\n\n<p class=\"wp-block-paragraph\" style=\"font-size:14px\">Participa en nuestros talleres de habilidades blandas y redacci\u00f3n de CV.<\/p>\n<\/div>\n\n\n\n<div class=\"wp-block-column has-border-color is-layout-flow wp-block-column-is-layout-flow\" style=\"border-color:#e0e0e0;border-style:solid;border-width:1px;padding-top:20px;padding-right:20px;padding-bottom:20px;padding-left:20px\">\n<h1 class=\"wp-block-heading has-text-color\" style=\"color:#e0e0e0;font-size:60px;line-height:1\">02<\/h1>\n\n\n\n<h4 class=\"wp-block-heading has-text-color\" style=\"color:#8b0000\">Postulaci\u00f3n<\/h4>\n\n\n\n<p class=\"wp-block-paragraph\" style=\"font-size:14px\">Aplica a las ofertas exclusivas en nuestra bolsa de trabajo virtual.<\/p>\n<\/div>\n\n\n\n<div class=\"wp-block-column has-border-color is-layout-flow wp-block-column-is-layout-flow\" style=\"border-color:#e0e0e0;border-style:solid;border-width:1px;padding-top:20px;padding-right:20px;padding-bottom:20px;padding-left:20px\">\n<h1 class=\"wp-block-heading has-text-color\" style=\"color:#e0e0e0;font-size:60px;line-height:1\">03<\/h1>\n\n\n\n<h4 class=\"wp-block-heading has-text-color\" style=\"color:#8b0000\">Inserci\u00f3n<\/h4>\n\n\n\n<p class=\"wp-block-paragraph\" style=\"font-size:14px\">Consigue tu empleo o pr\u00e1ctica y recibe seguimiento de la instituci\u00f3n.<\/p>\n<\/div>\n<\/div>\n<\/div>\n\n\n\n<div class=\"wp-block-media-text is-stacked-on-mobile alignwide has-background\" style=\"background-color:#f9f9f9;grid-template-columns:40% auto\"><figure class=\"wp-block-media-text__media\"><img fetchpriority=\"high\" decoding=\"async\" width=\"1024\" height=\"559\" src=\"https:\/\/ieslasalle.edu.pe\/wp-content\/uploads\/2025\/12\/2.-Imagen-Destacada-Director-General-3.jpg\" alt=\"\" class=\"wp-image-2290 size-full\" srcset=\"https:\/\/ieslasalle.edu.pe\/wp-content\/uploads\/2025\/12\/2.-Imagen-Destacada-Director-General-3.jpg 1024w, https:\/\/ieslasalle.edu.pe\/wp-content\/uploads\/2025\/12\/2.-Imagen-Destacada-Director-General-3-300x164.jpg 300w, https:\/\/ieslasalle.edu.pe\/wp-content\/uploads\/2025\/12\/2.-Imagen-Destacada-Director-General-3-768x419.jpg 768w, https:\/\/ieslasalle.edu.pe\/wp-content\/uploads\/2025\/12\/2.-Imagen-Destacada-Director-General-3-770x420.jpg 770w\" sizes=\"(max-width: 1024px) 100vw, 1024px\" \/><\/figure><div class=\"wp-block-media-text__content\">\n<h3 class=\"wp-block-heading has-text-color\" style=\"color:#003366\">Historias de \u00c9xito<\/h3>\n\n\n\n<blockquote class=\"wp-block-quote is-layout-flow wp-block-quote-is-layout-flow\" style=\"font-size:18px;font-style:italic\">\n<p class=\"wp-block-paragraph\">\u00abGracias a la Bolsa de Trabajo del IESTP Sangarar\u00e1, pude realizar mis pr\u00e1cticas en una constructora importante de Cusco antes de terminar mi carrera. Hoy soy Jefe de Obra.\u00bb<\/p>\n<cite>\u2014 Juan P\u00e9rez, Egresado de Construcci\u00f3n Civil<\/cite><\/blockquote>\n<\/div><\/div>\n<\/div>\n","protected":false},"excerpt":{"rendered":"<p>Conectamos Talento T\u00e9cnico con el Mercado Laboral La plataforma de empleabilidad del IESTP Sangarar\u00e1 para egresados y empresas l\u00edderes de Cusco. \ud83d\udc68\u200d\ud83c\udf93 Soy Alumno \/ Egresado Accede a oportunidades laborales exclusivas, pr\u00e1cticas pre-profesionales y talleres de empleabilidad. \ud83c\udfe2 Soy Empresa Encuentra el perfil t\u00e9cnico ideal para tu organizaci\u00f3n. Nuestros egresados cuentan con formaci\u00f3n pr\u00e1ctica y valores s\u00f3lidos. Tu Ruta hacia el \u00c9xito Laboral 01 Capacitaci\u00f3n Participa en nuestros talleres de[&hellip;]<\/p>\n","protected":false},"author":1,"featured_media":2288,"parent":0,"menu_order":0,"comment_status":"closed","ping_status":"closed","template":"","meta":{"footnotes":""},"class_list":["post-2287","page","type-page","status-publish","has-post-thumbnail","hentry"],"_links":{"self":[{"href":"https:\/\/ieslasalle.edu.pe\/index.php?rest_route=\/wp\/v2\/pages\/2287","targetHints":{"allow":["GET"]}}],"collection":[{"href":"https:\/\/ieslasalle.edu.pe\/index.php?rest_route=\/wp\/v2\/pages"}],"about":[{"href":"https:\/\/ieslasalle.edu.pe\/index.php?rest_route=\/wp\/v2\/types\/page"}],"author":[{"embeddable":true,"href":"https:\/\/ieslasalle.edu.pe\/index.php?rest_route=\/wp\/v2\/users\/1"}],"replies":[{"embeddable":true,"href":"https:\/\/ieslasalle.edu.pe\/index.php?rest_route=%2Fwp%2Fv2%2Fcomments&post=2287"}],"version-history":[{"count":2,"href":"https:\/\/ieslasalle.edu.pe\/index.php?rest_route=\/wp\/v2\/pages\/2287\/revisions"}],"predecessor-version":[{"id":2293,"href":"https:\/\/ieslasalle.edu.pe\/index.php?rest_route=\/wp\/v2\/pages\/2287\/revisions\/2293"}],"wp:featuredmedia":[{"embeddable":true,"href":"https:\/\/ieslasalle.edu.pe\/index.php?rest_route=\/wp\/v2\/media\/2288"}],"wp:attachment":[{"href":"https:\/\/ieslasalle.edu.pe\/index.php?rest_route=%2Fwp%2Fv2%2Fmedia&parent=2287"}],"curies":[{"name":"wp","href":"https:\/\/api.w.org\/{rel}","templated":true}]}}

<div class="wp-block-group is-layout-constrained wp-container-core-group-is-layout-20bea09b wp-block-group-is-layout-constrained" style="padding-top:0;padding-right:0;padding-bottom:0;padding-left:0">
<div class="wp-block-group has-background is-layout-constrained wp-container-core-group-is-layout-a828dc13 wp-block-group-is-layout-constrained" style="background-color:#1e1e1e;padding-top:80px;padding-right:20px;padding-bottom:80px;padding-left:20px">
<div class="wp-block-columns are-vertically-aligned-center is-layout-flex wp-container-core-columns-is-layout-8f761849 wp-block-columns-is-layout-flex">
<div class="wp-block-column is-vertically-aligned-center is-layout-flow wp-block-column-is-layout-flow" style="flex-basis:70%">
<h2 class="wp-block-heading has-text-color" style="color:#ffffff;font-size:42px;line-height:1.2;text-transform:uppercase">Conectamos Talento Técnico con el Mercado Laboral</h2>



<p class="has-text-color wp-block-paragraph" style="color:#cccccc;font-size:20px">La plataforma de empleabilidad del IESTP Sangarará para egresados y empresas líderes de Cusco.</p>
</div>



<div class="wp-block-column is-vertically-aligned-center is-layout-flow wp-block-column-is-layout-flow" style="flex-basis:30%">
<div class="wp-block-buttons is-content-justification-right is-layout-flex wp-container-core-buttons-is-layout-89b4c9e9 wp-block-buttons-is-layout-flex">
<div class="wp-block-button"><a class="wp-block-button__link has-text-color has-background has-custom-font-size wp-element-button" style="border-radius:5px;color:#ffffff;background-color:#b22222;font-size:18px">Publicar Oferta (Empresas)</a></div>
</div>
</div>
</div>
</div>



<div class="wp-block-group alignfull is-layout-flow wp-block-group-is-layout-flow" style="padding-top:0;padding-right:0;padding-bottom:0;padding-left:0">
<div class="wp-block-columns is-layout-flex wp-container-core-columns-is-layout-b85f70fb wp-block-columns-is-layout-flex">
<div class="wp-block-column has-background is-layout-flow wp-block-column-is-layout-flow" style="background-color:#ffffff;padding-top:60px;padding-right:40px;padding-bottom:60px;padding-left:40px;flex-basis:50%">
<h3 class="wp-block-heading has-text-color" style="color:#003366;font-size:28px">👨‍🎓 Soy Alumno / Egresado</h3>



<p class="wp-block-paragraph">Accede a oportunidades laborales exclusivas, prácticas pre-profesionales y talleres de empleabilidad.</p>



<ul style="color:#555555" class="wp-block-list has-text-color">
<li>Ofertas de empleo actualizadas.</li>



<li>Asesoría para armar tu CV de alto impacto.</li>



<li>Simulacros de entrevistas de trabajo.</li>
</ul>



<div style="height:20px" aria-hidden="true" class="wp-block-spacer"></div>



<div class="wp-block-buttons is-layout-flex wp-block-buttons-is-layout-flex">
<div class="wp-block-button"><a class="wp-block-button__link has-text-color has-background wp-element-button" style="color:#ffffff;background-color:#003366">Ver Convocatorias Vigentes</a></div>
</div>
</div>



<div class="wp-block-column has-background is-layout-flow wp-block-column-is-layout-flow" style="background-color:#f4f4f4;padding-top:60px;padding-right:40px;padding-bottom:60px;padding-left:40px;flex-basis:50%">
<h3 class="wp-block-heading has-text-color" style="color:#8b0000;font-size:28px">🏢 Soy Empresa</h3>



<p class="wp-block-paragraph">Encuentra el perfil técnico ideal para tu organización. Nuestros egresados cuentan con formación práctica y valores sólidos.</p>



<ul style="color:#555555" class="wp-block-list has-text-color">
<li>Publicación gratuita de ofertas laborales.</li>



<li>Convenios para prácticas profesionales.</li>



<li>Acceso a base de datos de egresados titulados.</li>
</ul>



<div style="height:20px" aria-hidden="true" class="wp-block-spacer"></div>



<div class="wp-block-buttons is-layout-flex wp-block-buttons-is-layout-flex">
<div class="wp-block-button is-style-outline is-style-outline--1"><a class="wp-block-button__link has-text-color has-background has-border-color wp-element-button" style="border-color:#8b0000;color:#8b0000;background-color:transparent">Registrar mi Empresa</a></div>
</div>
</div>
</div>
</div>



<div class="wp-block-group is-layout-constrained wp-container-core-group-is-layout-6e07d09c wp-block-group-is-layout-constrained" style="padding-top:60px;padding-right:20px;padding-bottom:60px;padding-left:20px">
<h2 class="wp-block-heading has-text-align-center has-text-color" style="color:#003366">Tu Ruta hacia el Éxito Laboral</h2>



<div style="height:40px" aria-hidden="true" class="wp-block-spacer"></div>



<div class="wp-block-columns is-layout-flex wp-container-core-columns-is-layout-049be026 wp-block-columns-is-layout-flex">
<div class="wp-block-column has-border-color is-layout-flow wp-block-column-is-layout-flow" style="border-color:#e0e0e0;border-style:solid;border-width:1px;padding-top:20px;padding-right:20px;padding-bottom:20px;padding-left:20px">
<h1 class="wp-block-heading has-text-color" style="color:#e0e0e0;font-size:60px;line-height:1">01</h1>



<h4 class="wp-block-heading has-text-color" style="color:#8b0000">Capacitación</h4>



<p class="wp-block-paragraph" style="font-size:14px">Participa en nuestros talleres de habilidades blandas y redacción de CV.</p>
</div>



<div class="wp-block-column has-border-color is-layout-flow wp-block-column-is-layout-flow" style="border-color:#e0e0e0;border-style:solid;border-width:1px;padding-top:20px;padding-right:20px;padding-bottom:20px;padding-left:20px">
<h1 class="wp-block-heading has-text-color" style="color:#e0e0e0;font-size:60px;line-height:1">02</h1>



<h4 class="wp-block-heading has-text-color" style="color:#8b0000">Postulación</h4>



<p class="wp-block-paragraph" style="font-size:14px">Aplica a las ofertas exclusivas en nuestra bolsa de trabajo virtual.</p>
</div>



<div class="wp-block-column has-border-color is-layout-flow wp-block-column-is-layout-flow" style="border-color:#e0e0e0;border-style:solid;border-width:1px;padding-top:20px;padding-right:20px;padding-bottom:20px;padding-left:20px">
<h1 class="wp-block-heading has-text-color" style="color:#e0e0e0;font-size:60px;line-height:1">03</h1>



<h4 class="wp-block-heading has-text-color" style="color:#8b0000">Inserción</h4>



<p class="wp-block-paragraph" style="font-size:14px">Consigue tu empleo o práctica y recibe seguimiento de la institución.</p>
</div>
</div>
</div>



<div class="wp-block-media-text is-stacked-on-mobile alignwide has-background" style="background-color:#f9f9f9;grid-template-columns:40% auto"><figure class="wp-block-media-text__media"><img fetchpriority="high" decoding="async" width="1024" height="559" src="https://ieslasalle.edu.pe/wp-content/uploads/2025/12/2.-Imagen-Destacada-Director-General-3.jpg" alt="" class="wp-image-2290 size-full" srcset="https://ieslasalle.edu.pe/wp-content/uploads/2025/12/2.-Imagen-Destacada-Director-General-3.jpg 1024w, https://ieslasalle.edu.pe/wp-content/uploads/2025/12/2.-Imagen-Destacada-Director-General-3-300x164.jpg 300w, https://ieslasalle.edu.pe/wp-content/uploads/2025/12/2.-Imagen-Destacada-Director-General-3-768x419.jpg 768w, https://ieslasalle.edu.pe/wp-content/uploads/2025/12/2.-Imagen-Destacada-Director-General-3-770x420.jpg 770w" sizes="(max-width: 1024px) 100vw, 1024px" /></figure><div class="wp-block-media-text__content">
<h3 class="wp-block-heading has-text-color" style="color:#003366">Historias de Éxito</h3>



<blockquote class="wp-block-quote is-layout-flow wp-block-quote-is-layout-flow" style="font-size:18px;font-style:italic">
<p class="wp-block-paragraph">«Gracias a la Bolsa de Trabajo del IESTP Sangarará, pude realizar mis prácticas en una constructora importante de Cusco antes de terminar mi carrera. Hoy soy Jefe de Obra.»</p>
<cite>— Juan Pérez, Egresado de Construcción Civil</cite></blockquote>
</div></div>
</div>

<p>Conectamos Talento Técnico con el Mercado Laboral La plataforma de empleabilidad del IESTP Sangarará para egresados y empresas líderes de Cusco. 👨‍🎓 Soy Alumno / Egresado Accede a oportunidades laborales exclusivas, prácticas pre-profesionales y talleres de empleabilidad. 🏢 Soy Empresa Encuentra el perfil técnico ideal para tu organización. Nuestros egresados cuentan con formación práctica y valores sólidos. Tu Ruta hacia el Éxito Laboral 01 Capacitación Participa en nuestros talleres de[&hellip;]</p>
