{"id":2280,"date":"2025-12-15T00:41:51","date_gmt":"2025-12-15T00:41:51","guid":{"rendered":"https:\/\/ieslasalle.edu.pe\/?page_id=2280"},"modified":"2025-12-15T00:41:53","modified_gmt":"2025-12-15T00:41:53","slug":"bienestar-estudiantil","status":"publish","type":"page","link":"https:\/\/ieslasalle.edu.pe\/?page_id=2280","title":{"rendered":"Bienestar Estudiantil"},"content":{"rendered":"\n<div class=\"wp-block-group is-layout-constrained wp-container-core-group-is-layout-20bea09b wp-block-group-is-layout-constrained\" style=\"padding-top:0;padding-right:0;padding-bottom:0;padding-left:0\">\n<div class=\"wp-block-group has-background is-layout-constrained wp-container-core-group-is-layout-6e07d09c wp-block-group-is-layout-constrained\" style=\"background-color:#003366;padding-top:60px;padding-right:20px;padding-bottom:60px;padding-left:20px\">\n<h2 class=\"wp-block-heading has-text-align-center has-text-color\" style=\"color:#ffffff;font-size:32px;text-transform:uppercase\">Bienestar Estudiantil<\/h2>\n\n\n\n<p class=\"has-text-align-center has-text-color wp-block-paragraph\" style=\"color:#e0e0e0;font-size:18px\">Tu salud f\u00edsica, mental y desarrollo integral son nuestra prioridad. Te acompa\u00f1amos durante toda tu formaci\u00f3n.<\/p>\n<\/div>\n\n\n\n<div style=\"height:50px\" aria-hidden=\"true\" class=\"wp-block-spacer\"><\/div>\n\n\n\n<h2 class=\"wp-block-heading has-text-align-center has-text-color\" style=\"color:#8b0000;text-transform:uppercase\">Nuestros Servicios de Apoyo<\/h2>\n\n\n\n<div style=\"height:30px\" aria-hidden=\"true\" class=\"wp-block-spacer\"><\/div>\n\n\n\n<div class=\"wp-block-columns is-layout-flex wp-container-core-columns-is-layout-79e51ec3 wp-block-columns-is-layout-flex\">\n<div class=\"wp-block-column has-border-color is-layout-flow wp-block-column-is-layout-flow\" style=\"border-color:#e5e5e5;border-style:solid;border-width:1px;padding-top:0;padding-right:0;padding-bottom:30px;padding-left:0;box-shadow:0 4px 15px rgba(0,0,0,0.05)\">\n<figure class=\"wp-block-image size-full has-custom-border\"><img fetchpriority=\"high\" decoding=\"async\" width=\"1024\" height=\"559\" src=\"https:\/\/ieslasalle.edu.pe\/wp-content\/uploads\/2025\/12\/2.-Imagen-Destacada-Director-General-2.jpg\" alt=\"\" class=\"wp-image-2284\" style=\"border-radius:0px\" srcset=\"https:\/\/ieslasalle.edu.pe\/wp-content\/uploads\/2025\/12\/2.-Imagen-Destacada-Director-General-2.jpg 1024w, https:\/\/ieslasalle.edu.pe\/wp-content\/uploads\/2025\/12\/2.-Imagen-Destacada-Director-General-2-300x164.jpg 300w, https:\/\/ieslasalle.edu.pe\/wp-content\/uploads\/2025\/12\/2.-Imagen-Destacada-Director-General-2-768x419.jpg 768w, https:\/\/ieslasalle.edu.pe\/wp-content\/uploads\/2025\/12\/2.-Imagen-Destacada-Director-General-2-770x420.jpg 770w\" sizes=\"(max-width: 1024px) 100vw, 1024px\" \/><\/figure>\n\n\n\n<div class=\"wp-block-group is-layout-flow wp-block-group-is-layout-flow\" style=\"padding-right:20px;padding-left:20px\">\n<h3 class=\"wp-block-heading has-text-color\" style=\"color:#003366;font-size:22px\">\ud83e\ude7a T\u00f3pico de Salud<\/h3>\n\n\n\n<p class=\"wp-block-paragraph\" style=\"font-size:15px\">Atenci\u00f3n primaria de emergencias, primeros auxilios y campa\u00f1as de prevenci\u00f3n de salud para toda la comunidad educativa.<\/p>\n<\/div>\n<\/div>\n\n\n\n<div class=\"wp-block-column has-border-color is-layout-flow wp-block-column-is-layout-flow\" style=\"border-color:#e5e5e5;border-style:solid;border-width:1px;padding-top:0;padding-right:0;padding-bottom:30px;padding-left:0;box-shadow:0 4px 15px rgba(0,0,0,0.05)\">\n<figure class=\"wp-block-image size-full has-custom-border\"><img decoding=\"async\" width=\"1024\" height=\"559\" src=\"https:\/\/ieslasalle.edu.pe\/wp-content\/uploads\/2025\/12\/3.-Retrato-Autoridad-Mujer-Para-Jefaturas-2.jpg\" alt=\"\" class=\"wp-image-2283\" style=\"border-radius:0px\" srcset=\"https:\/\/ieslasalle.edu.pe\/wp-content\/uploads\/2025\/12\/3.-Retrato-Autoridad-Mujer-Para-Jefaturas-2.jpg 1024w, https:\/\/ieslasalle.edu.pe\/wp-content\/uploads\/2025\/12\/3.-Retrato-Autoridad-Mujer-Para-Jefaturas-2-300x164.jpg 300w, https:\/\/ieslasalle.edu.pe\/wp-content\/uploads\/2025\/12\/3.-Retrato-Autoridad-Mujer-Para-Jefaturas-2-768x419.jpg 768w, https:\/\/ieslasalle.edu.pe\/wp-content\/uploads\/2025\/12\/3.-Retrato-Autoridad-Mujer-Para-Jefaturas-2-770x420.jpg 770w\" sizes=\"(max-width: 1024px) 100vw, 1024px\" \/><\/figure>\n\n\n\n<div class=\"wp-block-group is-layout-flow wp-block-group-is-layout-flow\" style=\"padding-right:20px;padding-left:20px\">\n<h3 class=\"wp-block-heading has-text-color\" style=\"color:#003366;font-size:22px\">\ud83e\udde0 Psicolog\u00eda y Tutor\u00eda<\/h3>\n\n\n\n<p class=\"wp-block-paragraph\" style=\"font-size:15px\">Orientaci\u00f3n vocacional, soporte emocional y consejer\u00eda personalizada para mejorar tu rendimiento acad\u00e9mico y personal.<\/p>\n<\/div>\n<\/div>\n\n\n\n<div class=\"wp-block-column has-border-color is-layout-flow wp-block-column-is-layout-flow\" style=\"border-color:#e5e5e5;border-style:solid;border-width:1px;padding-top:0;padding-right:0;padding-bottom:30px;padding-left:0;box-shadow:0 4px 15px rgba(0,0,0,0.05)\">\n<figure class=\"wp-block-image size-full has-custom-border\"><img decoding=\"async\" width=\"1024\" height=\"559\" src=\"https:\/\/ieslasalle.edu.pe\/wp-content\/uploads\/2025\/12\/4.-Retrato-Autoridad-Hombre-Para-Coordinadores-2.jpg\" alt=\"\" class=\"wp-image-2282\" style=\"border-radius:0px\" srcset=\"https:\/\/ieslasalle.edu.pe\/wp-content\/uploads\/2025\/12\/4.-Retrato-Autoridad-Hombre-Para-Coordinadores-2.jpg 1024w, https:\/\/ieslasalle.edu.pe\/wp-content\/uploads\/2025\/12\/4.-Retrato-Autoridad-Hombre-Para-Coordinadores-2-300x164.jpg 300w, https:\/\/ieslasalle.edu.pe\/wp-content\/uploads\/2025\/12\/4.-Retrato-Autoridad-Hombre-Para-Coordinadores-2-768x419.jpg 768w, https:\/\/ieslasalle.edu.pe\/wp-content\/uploads\/2025\/12\/4.-Retrato-Autoridad-Hombre-Para-Coordinadores-2-770x420.jpg 770w\" sizes=\"(max-width: 1024px) 100vw, 1024px\" \/><\/figure>\n\n\n\n<div class=\"wp-block-group is-layout-flow wp-block-group-is-layout-flow\" style=\"padding-right:20px;padding-left:20px\">\n<h3 class=\"wp-block-heading has-text-color\" style=\"color:#003366;font-size:22px\">\u26bd Deporte y Cultura<\/h3>\n\n\n\n<p class=\"wp-block-paragraph\" style=\"font-size:15px\">Fomentamos la integraci\u00f3n a trav\u00e9s de campeonatos deportivos, danzas folcl\u00f3ricas y actividades art\u00edsticas.<\/p>\n<\/div>\n<\/div>\n<\/div>\n\n\n\n<div style=\"height:50px\" aria-hidden=\"true\" class=\"wp-block-spacer\"><\/div>\n\n\n\n<div class=\"wp-block-group has-background is-layout-constrained wp-block-group-is-layout-constrained\" style=\"background-color:#f9f9f9;padding-top:40px;padding-bottom:40px\">\n<div class=\"wp-block-columns are-vertically-aligned-center is-layout-flex wp-container-core-columns-is-layout-8f761849 wp-block-columns-is-layout-flex\">\n<div class=\"wp-block-column is-vertically-aligned-center is-layout-flow wp-block-column-is-layout-flow\" style=\"flex-basis:60%\">\n<h2 class=\"wp-block-heading has-text-color\" style=\"color:#8b0000\">Prevenci\u00f3n y Seguridad<\/h2>\n\n\n\n<p class=\"wp-block-paragraph\">Contamos con protocolos activos contra el hostigamiento sexual y el bullying. Promovemos una convivencia pac\u00edfica y respetuosa.<\/p>\n\n\n\n<div class=\"wp-block-buttons is-layout-flex wp-block-buttons-is-layout-flex\">\n<div class=\"wp-block-button\"><a class=\"wp-block-button__link has-text-color has-background wp-element-button\" style=\"color:#ffffff;background-color:#003366\">Ver Libro de Reclamaciones<\/a><\/div>\n<\/div>\n<\/div>\n\n\n\n<div class=\"wp-block-column is-vertically-aligned-center is-layout-flow wp-block-column-is-layout-flow\" style=\"flex-basis:40%\">\n<h1 class=\"wp-block-heading has-text-align-center\" style=\"font-size:80px\">\ud83d\udee1\ufe0f<\/h1>\n<\/div>\n<\/div>\n<\/div>\n<\/div>\n","protected":false},"excerpt":{"rendered":"<p>Bienestar Estudiantil Tu salud f\u00edsica, mental y desarrollo integral son nuestra prioridad. Te acompa\u00f1amos durante toda tu formaci\u00f3n. Nuestros Servicios de Apoyo \ud83e\ude7a T\u00f3pico de Salud Atenci\u00f3n primaria de emergencias, primeros auxilios y campa\u00f1as de prevenci\u00f3n de salud para toda la comunidad educativa. \ud83e\udde0 Psicolog\u00eda y Tutor\u00eda Orientaci\u00f3n vocacional, soporte emocional y consejer\u00eda personalizada para mejorar tu rendimiento acad\u00e9mico y personal. \u26bd Deporte y Cultura Fomentamos la integraci\u00f3n a trav\u00e9s[&hellip;]<\/p>\n","protected":false},"author":1,"featured_media":2281,"parent":0,"menu_order":0,"comment_status":"closed","ping_status":"closed","template":"","meta":{"footnotes":""},"class_list":["post-2280","page","type-page","status-publish","has-post-thumbnail","hentry"],"_links":{"self":[{"href":"https:\/\/ieslasalle.edu.pe\/index.php?rest_route=\/wp\/v2\/pages\/2280","targetHints":{"allow":["GET"]}}],"collection":[{"href":"https:\/\/ieslasalle.edu.pe\/index.php?rest_route=\/wp\/v2\/pages"}],"about":[{"href":"https:\/\/ieslasalle.edu.pe\/index.php?rest_route=\/wp\/v2\/types\/page"}],"author":[{"embeddable":true,"href":"https:\/\/ieslasalle.edu.pe\/index.php?rest_route=\/wp\/v2\/users\/1"}],"replies":[{"embeddable":true,"href":"https:\/\/ieslasalle.edu.pe\/index.php?rest_route=%2Fwp%2Fv2%2Fcomments&post=2280"}],"version-history":[{"count":1,"href":"https:\/\/ieslasalle.edu.pe\/index.php?rest_route=\/wp\/v2\/pages\/2280\/revisions"}],"predecessor-version":[{"id":2286,"href":"https:\/\/ieslasalle.edu.pe\/index.php?rest_route=\/wp\/v2\/pages\/2280\/revisions\/2286"}],"wp:featuredmedia":[{"embeddable":true,"href":"https:\/\/ieslasalle.edu.pe\/index.php?rest_route=\/wp\/v2\/media\/2281"}],"wp:attachment":[{"href":"https:\/\/ieslasalle.edu.pe\/index.php?rest_route=%2Fwp%2Fv2%2Fmedia&parent=2280"}],"curies":[{"name":"wp","href":"https:\/\/api.w.org\/{rel}","templated":true}]}}

<div class="wp-block-group is-layout-constrained wp-container-core-group-is-layout-20bea09b wp-block-group-is-layout-constrained" style="padding-top:0;padding-right:0;padding-bottom:0;padding-left:0">
<div class="wp-block-group has-background is-layout-constrained wp-container-core-group-is-layout-6e07d09c wp-block-group-is-layout-constrained" style="background-color:#003366;padding-top:60px;padding-right:20px;padding-bottom:60px;padding-left:20px">
<h2 class="wp-block-heading has-text-align-center has-text-color" style="color:#ffffff;font-size:32px;text-transform:uppercase">Bienestar Estudiantil</h2>



<p class="has-text-align-center has-text-color wp-block-paragraph" style="color:#e0e0e0;font-size:18px">Tu salud física, mental y desarrollo integral son nuestra prioridad. Te acompañamos durante toda tu formación.</p>
</div>



<div style="height:50px" aria-hidden="true" class="wp-block-spacer"></div>



<h2 class="wp-block-heading has-text-align-center has-text-color" style="color:#8b0000;text-transform:uppercase">Nuestros Servicios de Apoyo</h2>



<div style="height:30px" aria-hidden="true" class="wp-block-spacer"></div>



<div class="wp-block-columns is-layout-flex wp-container-core-columns-is-layout-79e51ec3 wp-block-columns-is-layout-flex">
<div class="wp-block-column has-border-color is-layout-flow wp-block-column-is-layout-flow" style="border-color:#e5e5e5;border-style:solid;border-width:1px;padding-top:0;padding-right:0;padding-bottom:30px;padding-left:0;box-shadow:0 4px 15px rgba(0,0,0,0.05)">
<figure class="wp-block-image size-full has-custom-border"><img fetchpriority="high" decoding="async" width="1024" height="559" src="https://ieslasalle.edu.pe/wp-content/uploads/2025/12/2.-Imagen-Destacada-Director-General-2.jpg" alt="" class="wp-image-2284" style="border-radius:0px" srcset="https://ieslasalle.edu.pe/wp-content/uploads/2025/12/2.-Imagen-Destacada-Director-General-2.jpg 1024w, https://ieslasalle.edu.pe/wp-content/uploads/2025/12/2.-Imagen-Destacada-Director-General-2-300x164.jpg 300w, https://ieslasalle.edu.pe/wp-content/uploads/2025/12/2.-Imagen-Destacada-Director-General-2-768x419.jpg 768w, https://ieslasalle.edu.pe/wp-content/uploads/2025/12/2.-Imagen-Destacada-Director-General-2-770x420.jpg 770w" sizes="(max-width: 1024px) 100vw, 1024px" /></figure>



<div class="wp-block-group is-layout-flow wp-block-group-is-layout-flow" style="padding-right:20px;padding-left:20px">
<h3 class="wp-block-heading has-text-color" style="color:#003366;font-size:22px">🩺 Tópico de Salud</h3>



<p class="wp-block-paragraph" style="font-size:15px">Atención primaria de emergencias, primeros auxilios y campañas de prevención de salud para toda la comunidad educativa.</p>
</div>
</div>



<div class="wp-block-column has-border-color is-layout-flow wp-block-column-is-layout-flow" style="border-color:#e5e5e5;border-style:solid;border-width:1px;padding-top:0;padding-right:0;padding-bottom:30px;padding-left:0;box-shadow:0 4px 15px rgba(0,0,0,0.05)">
<figure class="wp-block-image size-full has-custom-border"><img decoding="async" width="1024" height="559" src="https://ieslasalle.edu.pe/wp-content/uploads/2025/12/3.-Retrato-Autoridad-Mujer-Para-Jefaturas-2.jpg" alt="" class="wp-image-2283" style="border-radius:0px" srcset="https://ieslasalle.edu.pe/wp-content/uploads/2025/12/3.-Retrato-Autoridad-Mujer-Para-Jefaturas-2.jpg 1024w, https://ieslasalle.edu.pe/wp-content/uploads/2025/12/3.-Retrato-Autoridad-Mujer-Para-Jefaturas-2-300x164.jpg 300w, https://ieslasalle.edu.pe/wp-content/uploads/2025/12/3.-Retrato-Autoridad-Mujer-Para-Jefaturas-2-768x419.jpg 768w, https://ieslasalle.edu.pe/wp-content/uploads/2025/12/3.-Retrato-Autoridad-Mujer-Para-Jefaturas-2-770x420.jpg 770w" sizes="(max-width: 1024px) 100vw, 1024px" /></figure>



<div class="wp-block-group is-layout-flow wp-block-group-is-layout-flow" style="padding-right:20px;padding-left:20px">
<h3 class="wp-block-heading has-text-color" style="color:#003366;font-size:22px">🧠 Psicología y Tutoría</h3>



<p class="wp-block-paragraph" style="font-size:15px">Orientación vocacional, soporte emocional y consejería personalizada para mejorar tu rendimiento académico y personal.</p>
</div>
</div>



<div class="wp-block-column has-border-color is-layout-flow wp-block-column-is-layout-flow" style="border-color:#e5e5e5;border-style:solid;border-width:1px;padding-top:0;padding-right:0;padding-bottom:30px;padding-left:0;box-shadow:0 4px 15px rgba(0,0,0,0.05)">
<figure class="wp-block-image size-full has-custom-border"><img decoding="async" width="1024" height="559" src="https://ieslasalle.edu.pe/wp-content/uploads/2025/12/4.-Retrato-Autoridad-Hombre-Para-Coordinadores-2.jpg" alt="" class="wp-image-2282" style="border-radius:0px" srcset="https://ieslasalle.edu.pe/wp-content/uploads/2025/12/4.-Retrato-Autoridad-Hombre-Para-Coordinadores-2.jpg 1024w, https://ieslasalle.edu.pe/wp-content/uploads/2025/12/4.-Retrato-Autoridad-Hombre-Para-Coordinadores-2-300x164.jpg 300w, https://ieslasalle.edu.pe/wp-content/uploads/2025/12/4.-Retrato-Autoridad-Hombre-Para-Coordinadores-2-768x419.jpg 768w, https://ieslasalle.edu.pe/wp-content/uploads/2025/12/4.-Retrato-Autoridad-Hombre-Para-Coordinadores-2-770x420.jpg 770w" sizes="(max-width: 1024px) 100vw, 1024px" /></figure>



<div class="wp-block-group is-layout-flow wp-block-group-is-layout-flow" style="padding-right:20px;padding-left:20px">
<h3 class="wp-block-heading has-text-color" style="color:#003366;font-size:22px">⚽ Deporte y Cultura</h3>



<p class="wp-block-paragraph" style="font-size:15px">Fomentamos la integración a través de campeonatos deportivos, danzas folclóricas y actividades artísticas.</p>
</div>
</div>
</div>



<div style="height:50px" aria-hidden="true" class="wp-block-spacer"></div>



<div class="wp-block-group has-background is-layout-constrained wp-block-group-is-layout-constrained" style="background-color:#f9f9f9;padding-top:40px;padding-bottom:40px">
<div class="wp-block-columns are-vertically-aligned-center is-layout-flex wp-container-core-columns-is-layout-8f761849 wp-block-columns-is-layout-flex">
<div class="wp-block-column is-vertically-aligned-center is-layout-flow wp-block-column-is-layout-flow" style="flex-basis:60%">
<h2 class="wp-block-heading has-text-color" style="color:#8b0000">Prevención y Seguridad</h2>



<p class="wp-block-paragraph">Contamos con protocolos activos contra el hostigamiento sexual y el bullying. Promovemos una convivencia pacífica y respetuosa.</p>



<div class="wp-block-buttons is-layout-flex wp-block-buttons-is-layout-flex">
<div class="wp-block-button"><a class="wp-block-button__link has-text-color has-background wp-element-button" style="color:#ffffff;background-color:#003366">Ver Libro de Reclamaciones</a></div>
</div>
</div>



<div class="wp-block-column is-vertically-aligned-center is-layout-flow wp-block-column-is-layout-flow" style="flex-basis:40%">
<h1 class="wp-block-heading has-text-align-center" style="font-size:80px">🛡️</h1>
</div>
</div>
</div>
</div>

<p>Bienestar Estudiantil Tu salud física, mental y desarrollo integral son nuestra prioridad. Te acompañamos durante toda tu formación. Nuestros Servicios de Apoyo 🩺 Tópico de Salud Atención primaria de emergencias, primeros auxilios y campañas de prevención de salud para toda la comunidad educativa. 🧠 Psicología y Tutoría Orientación vocacional, soporte emocional y consejería personalizada para mejorar tu rendimiento académico y personal. ⚽ Deporte y Cultura Fomentamos la integración a través[&hellip;]</p>
